pose -4*n - h*y = n - 18, y - 13 = -4*n. What are the prime factors of n?
3
Let g = 20 - 14. Let v(x) = -x**3 + 6*x**2 - x + 12. Let c be v(g). Suppose -2*p = -c, -64 = -2*y - 3*p - p. List the prime factors of y.
2, 13
Let w = -577 - -1441. What are the prime factors of w?
2, 3
Let h(t) = -129*t - 213. List the prime factors of h(-6).
3, 11, 17
What are the prime factors of (-3264)/112*(-4)/((-8)/(-7))?
2, 3, 17
Let s be 1 + -2 - 13 - -2. Let n be 2*(-3)/(s/106). Suppose 42 = 5*a - n. What are the prime factors of a?
19
Suppose -4*t + 11 = -1. Suppose -4*g - 169 = -5*q, -127 = -t*q + 4*g - 8*g. What are the prime factors of q?
37
Let k = 41 - 39. Suppose t + k*w - 52 = 4*w, t - 3*w - 47 = 0. What are the prime factors of t?
2, 31
What are the prime factors of (11 - 6 - 11)*546/(-4)?
3, 7, 13
Suppose 3*o - 38 = 2*r + 2, -3*o + 3*r = -36. What are the prime factors of o/(3 - 7/3)?
2, 3
Suppose 5*v - 1540 = 10*v. List the prime factors of v/(-5) - 10/(-25).
2, 31
Suppose -6*n + 2*n + 2*d = -76, 5*n - 2*d = 93. Suppose -n*w + 16*w = -168. What are the prime factors of w?
2, 3, 7
Let x be (-15)/(-3)*(-2)/(-2). Suppose f = x*f - 124. List the prime factors of f.
31
Let o(d) = 0 + d**2 - 24*d + 4 + 9*d. Let l be o(15). Suppose -c = -l*b + 192, -56 - 50 = -2*b + 3*c. What are the prime factors of b?
47
Let k be 0 + (-5)/(20/(-12)). Suppose 3*c + 4*h - k = 0, -5*h = 4*c - 4 - 1. Suppose 9*x = c*x + 96. What are the prime factors of x?
2, 3
Suppose k - 3*p - 5 = 3*k, -5*k - 2*p + 15 = 0. Suppose -k*z = -z - 244. Let y = -43 + z. List the prime factors of y.
2, 3
Let r(v) = v. Let k be 1/3 - 33/(-9). Let z be r(k). Suppose -z*b + p = -5*b + 24, 4*p + 44 = 3*b. What are the prime factors of b?
2, 5
Suppose -d - 3*d - 8 = 0. Let w be (5 - 2/d)*-3. What are the prime factors of w/(21/9 + -3)?
3
Let t = 389 - 109. Suppose -230 = -4*x + 3*i - i, -5*x + 5*i + t = 0. What are the prime factors of x?
59
Suppose 3*k - 3*z = -7*z - 14, 3*k + 2 = 2*z. Let m = k + 20. Suppose -5*p + m = -2*p. List the prime factors of p.
2, 3
Let d be 2*2/(-12) + 136/3. List the prime factors of ((-139)/3)/(5/d*-3).
139
Let m(v) = 86*v**3 - 4*v**2 - 10. Let a be m(5). List the prime factors of a/57 + (-4)/6.
2, 3, 31
Let c = 6769 + -4532. List the prime factors of c.
2237
List the prime factors of 71/4*(32 + 4).
3, 71
Let p(g) = g**3 - 3*g**2 - g - 3. Let u = 13 - 14. Let r = u + 5. What are the prime factors of p(r)?
3
Let c be (8 - 9)/((-2)/10). Let r be (-1)/(-4) + 75/20. List the prime factors of 53 + (-10)/c - r.
47
Suppose -12 = -y - 2*b, -2*b - 17 + 31 = 2*y. List the prime factors of y.
2
Suppose -5*i + 13 = -2. Suppose i*w + 2*w - 140 = 0. Let z = -22 + w. List the prime factors of z.
2, 3
List the prime factors of 5363/5 - 17/(255/(-6)).
29, 37
Let g(a) = -23*a**2 + 3*a - 3. Let i(w) = 185*w**2 - 25*w + 25. Let t(j) = -25*g(j) - 3*i(j). List the prime factors of t(2).
2, 5
Suppose 2*y + 2*p + 0*p = -6, -5*y + 5*p = -15. Suppose 12*j - 10*j = y. Suppose j = -4*i + 6*i - 50. List the prime factors of i.
5
Suppose -3*l + 244 - 34 = 0. Let v = -5 + l. Suppose 51 + v = 4*g. What are the prime factors of g?
29
Suppose 0 = 4*k + 2*k - 2322. What are the prime factors of k?
3, 43
Suppose -3*p = 4*b - 1452, 5*p + 562 = -3*b + 2971. List the prime factors of p.
2, 3, 5
Let s = 5 - 6. List the prime factors of 30/15 + 1*s*-6.
2
Suppose 4*h - 4*t + 4 = -12, 0 = 3*h - t + 16. Let r be ((-9)/h + 1)*-2. What are the prime factors of (1/r)/((-14)/2590)?
37
Let i = 38 - -20. Let n = i + -36. List the prime factors of n.
2, 11
What are the prime factors of ((-16)/(-1 - 0))/((-104)/(-13988))?
2, 269
Suppose 9*i + 4 = 5*i. Let g(h) = -h**3 - h**2 - 1. Let u(l) = 2*l**3 - 9*l**2 - 2*l - 8. Let r(v) = i*g(v) - u(v). What are the prime factors of r(10)?
29
Let t = -229 - -594. What are the prime factors of t?
5, 73
Let s be 13/5 + (-3)/5. Let i be ((-8)/(-12))/(s/12). Suppose -i*y - 2*m + 7*m + 64 = 0, -2*y - 2*m + 32 = 0. What are the prime factors of y?
2
Suppose -5*k + 10503 = 4*z, -z + 16*k + 2625 = 17*k. List the prime factors of z.
2, 3, 19, 23
Suppose -3*b - 660 = -5*b. Suppose 3*n - 5*z - b = 0, -2*n - 5*z + z = -242. What are the prime factors of n?
5, 23
Let n(c) = 9*c**2 + 1. Let k(d) = d**2 + 8*d - 8. Let t be k(-9). What are the prime factors of n(t)?
2, 5
Let l(c) = 2*c**2 + 7*c + 4. Let s be l(-4). Let r be 1/4 - (-46)/s. Suppose -2*m = -r*m + 68. What are the prime factors of m?
17
Suppose -5*m + 66 = -4. Let l be (-1 - -3)/(2/m). Suppose -h = 5*p - 97, 2*h + l = p + 4*h. What are the prime factors of p?
2, 5
Suppose -2*h + 901 = f + 4*f, -1 = -f. Suppose 3*a - h = -4*a. What are the prime factors of a?
2
Let z be (-1 + 0)/(1/31). Let d = z - -58. List the prime factors of d.
3
Let m(x) = -9*x**2 - 15*x + 9. Let j(h) = h**3 + 1. Let n(t) = -j(t) - m(t). Suppose -s = 4*k - 22, -5*s - 4*k = -59 - 3. What are the prime factors of n(s)?
2, 5
Suppose -i = -2*n + 430 + 39, 2*n - 3*i - 467 = 0. List the prime factors of n.
5, 47
Suppose 2*o - 5*b = -2, -5*o - 2 = -4*b + 3. List the prime factors of 3 + o + (-1440)/(-18).
2, 41
Suppose -26 = -6*y + 10. Suppose 24 = y*g - 6. Let h(d) = -d**3 + 6*d**2 + 2*d - 2. List the prime factors of h(g).
3, 11
Let g(c) = 72*c - 135. List the prime factors of g(5).
3, 5
Let v be ((-136)/(-2))/((-10)/5). What are the prime factors of (2/(-3))/(v/15759)?
3, 103
Let z be (-1 + -1 - -8)*(-8)/(-12). Suppose -z*r = -6*r + 202. What are the prime factors of r?
101
Let m = 7 - 5. Suppose m*x + 37 = -r, -30 - 77 = 3*r + 4*x. Let o = 61 + r. What are the prime factors of o?
2, 7
Let i(l) = 14*l - 14. Suppose 4*s + 9 = 5*r, 3*s - 5*r + 12 + 1 = 0. List the prime factors of i(s).
2, 3, 7
Suppose 4*h = -0*h - 60. Let p = h - -15. Suppose p*t = -2*i + 3*t + 15, -5*i + t + 18 = 0. List the prime factors of i.
3
Suppose 7160 = 5*d - 0*d + 5*c, d = 2*c + 1432. What are the prime factors of d?
2, 179
Suppose -67*c + 21136 + 91223 = 0. What are the prime factors of c?
3, 13, 43
Suppose 0 = -2*w + 980 + 658. What are the prime factors of w?
3, 7, 13
Let v(x) = x**2 - 13*x + 28. Let g be 0 + (-6)/2 + 17. List the prime factors of v(g).
2, 3, 7
Let q = -452 - -965. List the prime factors of q.
3, 19
Let n(h) = h + 9. Let f be n(-5). Suppose -f + 33 = 5*p + 4*s, 5*s - 20 = -3*p. Suppose -2*d + 26 = -3*v, -3*v - 1 = p. List the prime factors of d.
2, 5
Suppose 0 = -13*p + 16*p. What are the prime factors of (294/(p - -2))/((-12)/(-12))?
3, 7
Suppose 1448 - 8433 = -11*y. List the prime factors of y.
5, 127
Let o = -125 + 480. Suppose 5*v - 179 = -a, v + o = 3*a - 182. What are the prime factors of a?
179
What are the prime factors of 4/(84/49819) - (-2)/(-6)?
2, 593
Let o(n) be the first derivative of n**4/2 - 4*n**3/3 + n - 1. Let r = -177 - -180. What are the prime factors of o(r)?
19
Suppose 427 - 4977 = -2*y. List the prime factors of y.
5, 7, 13
Suppose 2*v + 5*w - 1405 = 0, 5*v - 5*w + 7*w = 3460. What are the prime factors of v?
2, 3, 5, 23
Suppose -3*b = o + 2*b - 61, -5*o = -3*b - 361. Suppose o = -0*h + h. What are the prime factors of h?
71
Let q = 2126 + -338. What are the prime factors of q?
2, 3, 149
Let x(t) = 5*t**2 + 6*t + 4. Let s be x(-2). Let g(f) = f**2 - 11*f + 18. What are the prime factors of g(s)?
2, 3, 5
Suppose -2*t = -4*r - 26, 2*t - 3*t + 23 = 3*r. Let z = t + -15. Suppose -3*q - 6 = 0, z*q + 29 = w - 1. List the prime factors of w.
2, 13
Let o be 2/8 + 5/(-20). Suppose o = -5*p + 1 + 9. Suppose 3*i = p*v + 2 + 2, i = v. What are the prime factors of i?
2
Suppose -5*k - 2*d = -2*k - 4167, d + 3 = 0. What are the prime factors of k?
13, 107
Let n(i) = -27*i**2 - 2*i + 2. Let f(r) = 136*r**2 + 10*r - 10. Let j(l) = -2*f(l) - 11*n(l). List the prime factors of j(2).
2, 3, 17
Let i be 31 - (3/15 + 16/20). Suppose 2*c + g - i = 3*g, -5*c = -g - 55. List the prime factors of c.
2, 5
Suppose 24 = 4*g + 8. Suppose 43 = x - 4*k, -2*k = -x - g*k + 73. List the prime factors of x.
3, 7
Let p = -151 - -166. List the prime factors of p.
3, 5
Let y(j) = -4*j. Suppose 6*f = 10*f + 24. List the prime factors of y(f).
2, 3
Let u be (5/(40/394))/((-2)/8). Let i = u + 352. What are the prime factors of i?
5, 31
Let y(d) = 546*d**2 + 15*d - 36. List the prime f